{"id":8,"date":"2025-12-17T17:18:07","date_gmt":"2025-12-17T16:18:07","guid":{"rendered":"https:\/\/www.l.ctf.arrobe.fr\/?page_id=8"},"modified":"2026-01-11T11:31:29","modified_gmt":"2026-01-11T10:31:29","slug":"presentation","status":"publish","type":"page","link":"https:\/\/www.l.ctf.arrobe.fr\/","title":{"rendered":"Pr\u00e9sentation"},"content":{"rendered":"\n<div class=\"wp-block-group alignfull is-style-section-1 has-global-padding is-layout-constrained wp-container-core-group-is-layout-cdf985e3 wp-block-group-is-layout-constrained is-style-section-1--1\" style=\"min-height:100vh;margin-top:0;margin-bottom:0;padding-top:var(--wp--preset--spacing--80);padding-right:var(--wp--preset--spacing--80);padding-bottom:var(--wp--preset--spacing--80);padding-left:var(--wp--preset--spacing--80)\">\n<div class=\"wp-block-group is-nowrap is-layout-flex wp-container-core-group-is-layout-6c531013 wp-block-group-is-layout-flex\">\n<div class=\"wp-block-group is-vertical is-content-justification-right is-layout-flex wp-container-core-group-is-layout-b149497d wp-block-group-is-layout-flex\">\n<h2 class=\"wp-block-heading has-text-align-left\">QUANTO<\/h2>\n\n\n\n<p class=\"has-text-align-left\">Bienvenu sur le site de l&rsquo;\u00e9quipe L.<br>Puisse le sort vous \u00eatre favorables, et que le meilleur gagne !<br><br>Nous sommes \u00e9videmment ouvert \u00e0 tout type de n\u00e9gociations, a bon entendeur&#8230;<\/p>\n<\/div>\n<\/div>\n\n\n\n<figure class=\"wp-block-image size-full\"><img loading=\"lazy\" decoding=\"async\" width=\"655\" height=\"630\" src=\"https:\/\/www.l.ctf.arrobe.fr\/wp-content\/uploads\/2026\/01\/image.png\" alt=\"\" class=\"wp-image-18\" srcset=\"https:\/\/www.l.ctf.arrobe.fr\/wp-content\/uploads\/2026\/01\/image.png 655w, https:\/\/www.l.ctf.arrobe.fr\/wp-content\/uploads\/2026\/01\/image-300x289.png 300w\" sizes=\"auto, (max-width: 655px) 100vw, 655px\" \/><\/figure>\n\n\n\n<div class=\"wp-block-group is-nowrap is-layout-flex wp-container-core-group-is-layout-6c531013 wp-block-group-is-layout-flex\">\n<div class=\"wp-block-columns alignwide are-vertically-aligned-center is-layout-flex wp-container-core-columns-is-layout-643ced6b wp-block-columns-is-layout-flex\">\n<div class=\"wp-block-column is-vertically-aligned-center is-layout-flow wp-block-column-is-layout-flow\"><\/div>\n<\/div>\n<\/div>\n\n\n\n<div class=\"wp-block-group is-nowrap is-layout-flex wp-container-core-group-is-layout-6c531013 wp-block-group-is-layout-flex\"><\/div>\n<\/div>\n\n\n\n<div class=\"wp-block-comments\"><h2 id=\"comments\" class=\"wp-block-comments-title\">2 r\u00e9ponses \u00e0 &#8220;Pr\u00e9sentation&#8221;<\/h2>\n\n<ol class=\"wp-block-comment-template\"><li id=\"comment-6\" class=\"comment even thread-even depth-1\">\n\n<div class=\"wp-block-columns is-layout-flex wp-container-core-columns-is-layout-28f84493 wp-block-columns-is-layout-flex\">\n<div class=\"wp-block-column is-layout-flow wp-block-column-is-layout-flow\" style=\"flex-basis:40px\"><div class=\"wp-block-avatar\"><img alt='Avatar de nobody' src='https:\/\/secure.gravatar.com\/avatar\/aa21849b376a97769c297decaa46a385e7c1bfe218e93598823297f4055bde79?s=40&#038;d=retro&#038;r=g' srcset='https:\/\/secure.gravatar.com\/avatar\/aa21849b376a97769c297decaa46a385e7c1bfe218e93598823297f4055bde79?s=80&#038;d=retro&#038;r=g 2x' class='avatar avatar-40 photo wp-block-avatar__image' height='40' width='40'  style=\"border-radius:20px;\"\/><\/div><\/div>\n\n\n\n<div class=\"wp-block-column is-layout-flow wp-block-column-is-layout-flow\"><div class=\"wp-block-comment-author-name has-small-font-size\">nobody<\/div>\n\n\n<div class=\"wp-block-group is-layout-flex wp-block-group-is-layout-flex\" style=\"margin-top:0px;margin-bottom:0px\"><div class=\"wp-block-comment-date has-small-font-size\"><time datetime=\"2026-01-11T13:44:11+01:00\"><a href=\"https:\/\/www.l.ctf.arrobe.fr\/#comment-6\">11 janvier 2026<\/a><\/time><\/div>\n\n<\/div>\n\n\n<div class=\"wp-block-comment-content\"><p>Coucou, tu veut voir mon XSS ?<\/p>\n<\/div>\n\n<div class=\"wp-block-comment-reply-link has-small-font-size\"><a rel=\"nofollow\" class=\"comment-reply-link\" href=\"https:\/\/www.l.ctf.arrobe.fr\/?replytocom=6#respond\" data-commentid=\"6\" data-postid=\"8\" data-belowelement=\"comment-6\" data-respondelement=\"respond\" data-replyto=\"R\u00e9pondre \u00e0 nobody\" aria-label=\"R\u00e9pondre \u00e0 nobody\">R\u00e9pondre<\/a><\/div><\/div>\n<\/div>\n\n<ol><li id=\"comment-7\" class=\"comment odd alt depth-2\">\n\n<div class=\"wp-block-columns is-layout-flex wp-container-core-columns-is-layout-28f84493 wp-block-columns-is-layout-flex\">\n<div class=\"wp-block-column is-layout-flow wp-block-column-is-layout-flow\" style=\"flex-basis:40px\"><div class=\"wp-block-avatar\"><img alt='Avatar de ouicmoi' src='https:\/\/secure.gravatar.com\/avatar\/31ddb2b716c4dbb644fa3777d71c88977aa0f9ab594cc59e64794683bc35367a?s=40&#038;d=retro&#038;r=g' srcset='https:\/\/secure.gravatar.com\/avatar\/31ddb2b716c4dbb644fa3777d71c88977aa0f9ab594cc59e64794683bc35367a?s=80&#038;d=retro&#038;r=g 2x' class='avatar avatar-40 photo wp-block-avatar__image' height='40' width='40'  style=\"border-radius:20px;\"\/><\/div><\/div>\n\n\n\n<div class=\"wp-block-column is-layout-flow wp-block-column-is-layout-flow\"><div class=\"wp-block-comment-author-name has-small-font-size\">ouicmoi<\/div>\n\n\n<div class=\"wp-block-group is-layout-flex wp-block-group-is-layout-flex\" style=\"margin-top:0px;margin-bottom:0px\"><div class=\"wp-block-comment-date has-small-font-size\"><time datetime=\"2026-01-17T15:48:49+01:00\"><a href=\"https:\/\/www.l.ctf.arrobe.fr\/#comment-7\">17 janvier 2026<\/a><\/time><\/div>\n\n<\/div>\n\n\n<div class=\"wp-block-comment-content\"><p>nn on veut pas<\/p>\n<\/div>\n\n<div class=\"wp-block-comment-reply-link has-small-font-size\"><a rel=\"nofollow\" class=\"comment-reply-link\" href=\"https:\/\/www.l.ctf.arrobe.fr\/?replytocom=7#respond\" data-commentid=\"7\" data-postid=\"8\" data-belowelement=\"comment-7\" data-respondelement=\"respond\" data-replyto=\"R\u00e9pondre \u00e0 ouicmoi\" aria-label=\"R\u00e9pondre \u00e0 ouicmoi\">R\u00e9pondre<\/a><\/div><\/div>\n<\/div>\n\n<\/li><\/ol><\/li><\/ol>\n\n\n\n\t<div id=\"respond\" class=\"comment-respond wp-block-post-comments-form\">\n\t\t<h3 id=\"reply-title\" class=\"comment-reply-title\">Laisser un commentaire <small><a rel=\"nofollow\" id=\"cancel-comment-reply-link\" href=\"\/index.php?rest_route=%2Fwp%2Fv2%2Fpages%2F8#respond\" style=\"display:none;\">Annuler la r\u00e9ponse<\/a><\/small><\/h3><form action=\"https:\/\/www.l.ctf.arrobe.fr\/wp-comments-post.php\" method=\"post\" id=\"commentform\" class=\"comment-form\"><p class=\"comment-notes\"><span id=\"email-notes\">Votre adresse e-mail ne sera pas publi\u00e9e.<\/span> <span class=\"required-field-message\">Les champs obligatoires sont indiqu\u00e9s avec <span class=\"required\">*<\/span><\/span><\/p><p class=\"comment-form-comment\"><label for=\"comment\">Commentaire <span class=\"required\">*<\/span><\/label> <textarea id=\"comment\" name=\"comment\" cols=\"45\" rows=\"8\" maxlength=\"65525\" required><\/textarea><\/p><p class=\"comment-form-author\"><label for=\"author\">Nom <span class=\"required\">*<\/span><\/label> <input id=\"author\" name=\"author\" type=\"text\" value=\"\" size=\"30\" maxlength=\"245\" autocomplete=\"name\" required \/><\/p>\n<p class=\"comment-form-email\"><label for=\"email\">E-mail <span class=\"required\">*<\/span><\/label> <input id=\"email\" name=\"email\" type=\"email\" value=\"\" size=\"30\" maxlength=\"100\" aria-describedby=\"email-notes\" autocomplete=\"email\" required \/><\/p>\n<p class=\"comment-form-url\"><label for=\"url\">Site web<\/label> <input id=\"url\" name=\"url\" type=\"url\" value=\"\" size=\"30\" maxlength=\"200\" autocomplete=\"url\" \/><\/p>\n<p class=\"form-submit wp-block-button\"><input name=\"submit\" type=\"submit\" id=\"submit\" class=\"wp-block-button__link wp-element-button\" value=\"Laisser un commentaire\" \/> <input type='hidden' name='comment_post_ID' value='8' id='comment_post_ID' \/>\n<input type='hidden' name='comment_parent' id='comment_parent' value='0' \/>\n<\/p><\/form>\t<\/div><!-- #respond -->\n\t<\/div>\n","protected":false},"excerpt":{"rendered":"<p>QUANTO Bienvenu sur le site de l&rsquo;\u00e9quipe L.Puisse le sort vous \u00eatre favorables, et que le meilleur gagne ! Nous sommes \u00e9videmment ouvert \u00e0 tout type de n\u00e9gociations, a bon entendeur&#8230;<\/p>\n","protected":false},"author":1,"featured_media":0,"parent":0,"menu_order":0,"comment_status":"open","ping_status":"closed","template":"","meta":{"footnotes":""},"class_list":["post-8","page","type-page","status-publish","hentry"],"_links":{"self":[{"href":"https:\/\/www.l.ctf.arrobe.fr\/index.php?rest_route=\/wp\/v2\/pages\/8","targetHints":{"allow":["GET"]}}],"collection":[{"href":"https:\/\/www.l.ctf.arrobe.fr\/index.php?rest_route=\/wp\/v2\/pages"}],"about":[{"href":"https:\/\/www.l.ctf.arrobe.fr\/index.php?rest_route=\/wp\/v2\/types\/page"}],"author":[{"embeddable":true,"href":"https:\/\/www.l.ctf.arrobe.fr\/index.php?rest_route=\/wp\/v2\/users\/1"}],"replies":[{"embeddable":true,"href":"https:\/\/www.l.ctf.arrobe.fr\/index.php?rest_route=%2Fwp%2Fv2%2Fcomments&post=8"}],"version-history":[{"count":5,"href":"https:\/\/www.l.ctf.arrobe.fr\/index.php?rest_route=\/wp\/v2\/pages\/8\/revisions"}],"predecessor-version":[{"id":37,"href":"https:\/\/www.l.ctf.arrobe.fr\/index.php?rest_route=\/wp\/v2\/pages\/8\/revisions\/37"}],"wp:attachment":[{"href":"https:\/\/www.l.ctf.arrobe.fr\/index.php?rest_route=%2Fwp%2Fv2%2Fmedia&parent=8"}],"curies":[{"name":"wp","href":"https:\/\/api.w.org\/{rel}","templated":true}]}}